vided by 4.
1
What is the remainder when 158 is divided by 8?
6
What is the remainder when 243 is divided by 81?
0
What is the remainder when 21 is divided by 11?
10
Calculate the remainder when 174 is divided by 25.
24
Calculate the remainder when 40 is divided by 15.
10
Calculate the remainder when 1569 is divided by 518.
15
What is the remainder when 1237 is divided by 604?
29
Calculate the remainder when 186 is divided by 19.
15
What is the remainder when 436 is divided by 83?
21
What is the remainder when 25408 is divided by 462?
460
What is the remainder when 12764 is divided by 48?
44
What is the remainder when 7342 is divided by 65?
62
What is the remainder when 123 is divided by 34?
21
Calculate the remainder when 645 is divided by 72.
69
What is the remainder when 2479 is divided by 497?
491
What is the remainder when 294 is divided by 60?
54
Calculate the remainder when 137 is divided by 66.
5
What is the remainder when 338 is divided by 89?
71
What is the remainder when 408 is divided by 166?
76
Calculate the remainder when 1960 is divided by 75.
10
Calculate the remainder when 1793 is divided by 448.
1
Calculate the remainder when 658 is divided by 323.
12
Calculate the remainder when 46 is divided by 7.
4
What is the remainder when 1473 is divided by 7?
3
Calculate the remainder when 81 is divided by 66.
15
What is the remainder when 153 is divided by 12?
9
Calculate the remainder when 286 is divided by 54.
16
What is the remainder when 32 is divided by 7?
4
What is the remainder when 277 is divided by 135?
7
Calculate the remainder when 2856 is divided by 2.
0
Calculate the remainder when 755 is divided by 63.
62
What is the remainder when 7350 is divided by 51?
6
What is the remainder when 503 is divided by 22?
19
What is the remainder when 79 is divided by 8?
7
Calculate the remainder when 117 is divided by 20.
17
Calculate the remainder when 3043 is divided by 759.
7
Calculate the remainder when 6353 is divided by 2115.
8
What is the remainder when 72 is divided by 18?
0
What is the remainder when 223 is divided by 35?
13
What is the remainder when 1598 is divided by 63?
23
What is the remainder when 376 is divided by 14?
12
What is the remainder when 525 is divided by 41?
33
What is the remainder when 266 is divided by 248?
18
What is the remainder when 319 is divided by 14?
11
What is the remainder when 111 is divided by 50?
11
Calculate the remainder when 168 is divided by 84.
0
Calculate the remainder when 346 is divided by 29.
27
What is the remainder when 128 is divided by 44?
40
What is the remainder when 403 is divided by 81?
79
What is the remainder when 442 is divided by 173?
96
Calculate the remainder when 94 is divided by 17.
9
What is the remainder when 381 is divided by 130?
121
What is the remainder when 760 is divided by 130?
110
What is the remainder when 41 is divided by 8?
1
What is the remainder when 271 is divided by 108?
55
What is the remainder when 110 is divided by 58?
52
What is the remainder when 430 is divided by 27?
25
What is the remainder when 346 is divided by 4?
2
What is the remainder when 97 is divided by 19?
2
Calculate the remainder when 1016 is divided by 15.
11
What is the remainder when 495 is divided by 136?
87
Calculate the remainder when 247 is divided by 65.
52
What is the remainder when 1478 is divided by 78?
74
Calculate the remainder when 209 is divided by 4.
1
What is the remainder when 183 is divided by 3?
0
What is the remainder when 492 is divided by 40?
12
What is the remainder when 2037 is divided by 171?
156
What is the remainder when 190 is divided by 174?
16
What is the remainder when 2665 is divided by 92?
89
What is the remainder when 3005 is divided by 31?
29
What is the remainder when 844 is divided by 127?
82
What is the remainder when 3 is divided by 2?
1
What is the remainder when 15 is divided by 8?
7
What is the remainder when 344 is divided by 329?
15
What is the remainder when 403 is divided by 98?
11
Calculate the remainder when 6959 is divided by 29.
28
What is the remainder when 71 is divided by 35?
1
What is the remainder when 438 is divided by 209?
20
Calculate the remainder when 4036 is divided by 65.
6
What is the remainder when 2183 is divided by 21?
20
What is the remainder when 135 is divided by 20?
15
Calculate the remainder when 67 is divided by 3.
1
Calculate the remainder when 1426 is divided by 93.
31
What is the remainder when 806 is divided by 54?
50
What is the remainder when 126 is divided by 7?
0
What is the remainder when 3649 is divided by 3639?
10
Calculate the remainder when 60 is divided by 17.
9
What is the remainder when 108 is divided by 52?
4
What is the remainder when 5319 is divided by 70?
69
Calculate the remainder when 1689 is divided by 336.
9
Calculate the remainder when 3700 is divided by 186.
166
What is the remainder when 858 is divided by 12?
6
What is the remainder when 7899 is divided by 10?
9
What is the remainder when 125 is divided by 29?
9
What is the remainder when 72 is divided by 25?
22
What is the remainder when 151 is divided by 27?
16
Calculate the remainder when 5096 is divided by 60.
56
Calculate the remainder when 48 is divided by 40.
8
What is the remainder when 171 is divided by 46?
33
Calculate the remainder when 143 is divided by 23.
5
Calculate the remainder when 51 is divided by 6.
3
What is the remainder when 478 is divided by 6?
4
What is the remainder when 136 is divided by 20?
16
Calculate the remainder when 945 is divided by 56.
49
Calculate the remainder when 1731 is divided by 116.
107
What is the remainder when 2668 is divided by 111?
4
What is the remainder when 535 is divided by 92?
75
Calculate the remainder when 37 is divided by 20.
17
What is the remainder when 799 is divided by 5?
4
Calculate the remainder when 76 is divided by 53.
23
Calculate the remainder when 77 is divided by 26.
25
What is the remainder when 1196 is divided by 133?
132
Calculate the remainder when 771 is divided by 42.
15
Calculate the remainder when 943 is divided by 10.
3
What is the remainder when 160 is divided by 75?
10
What is the remainder when 465 is divided by 36?
33
What is the remainder when 309 is divided by 78?
75
What is the remainder when 429 is divided by 9?
6
Calculate the remainder when 16 is divided by 6.
4
Calculate the remainder when 66 is divided by 15.
6
Calculate the remainder when 1775 is divided by 12.
11
Calculate the remainder when 172 is divided by 27.
10
Calculate the remainder when 814 is divided by 102.
100
Calculate the remainder when 265 is divided by 30.
25
What is the remainder when 1775 is divided by 68?
7
Calculate the remainder when 1406 is divided by 31.
11
What is the remainder when 1191 is divided by 391?
18
What is the remainder when 200 is divided by 24?
8
What is the remainder when 1212 is divided by 38?
34
Calculate the remainder when 140 is divided by 56.
28
Calculate the remainder when 655 is divided by 130.
5
Calculate the remainder when 215 is divided by 144.
71
What is the remainder when 1623 is divided by 28?
27
Calculate the remainder when 97 is divided by 7.
6
Calculate the remainder when 3283 is divided by 1091.
10
What is the remainder when 12868 is divided by 11?
9
What is the remainder when 11735 is divided by 121?
119
Calculate the remainder when 359 is divided by 35.
9
Calculate the remainder when 549 is divided by 82.
57
Calculate the remainder when 1230 is divided by 291.
66
Calculate the remainder when 26 is divided by 12.
2
Calculate the remainder when 1716 is divided by 12.
0
Calculate the remainder when 664 is divided by 26.
14
What is the remainder when 174 is divided by 26?
18
Calculate the remainder when 188 is divided by 65.
58
What is the remainder when 491 is divided by 123?
122
Calculate the remainder when 235 is divided by 11.
4
What is the remainder when 108 is divided by 28?
24
What is the remainder when 82 is divided by 15?
7
Calculate the remainder when 851 is divided by 109.
88
What is the remainder when 1989 is divided by 133?
127
Calculate the remainder when 254 is divided by 37.
32
Calculate the remainder when 265 is divided by 7.
6
Calculate the remainder when 1279 is divided by 32.
31
Calculate the remainder when 226 is divided 